{"id":20,"date":"2025-09-29T12:19:12","date_gmt":"2025-09-29T10:19:12","guid":{"rendered":"https:\/\/ignitionprod.fr\/?page_id=20"},"modified":"2025-10-05T23:38:10","modified_gmt":"2025-10-05T21:38:10","slug":"a-propos-de","status":"publish","type":"page","link":"https:\/\/ignitionprod.fr\/?page_id=20","title":{"rendered":"Nos prestations"},"content":{"rendered":"\t\t<div data-elementor-type=\"wp-page\" data-elementor-id=\"20\" class=\"elementor elementor-20\">\n\t\t\t\t<div class=\"elementor-element elementor-element-2dec6121 e-flex e-con-boxed e-con e-parent\" data-id=\"2dec6121\" data-element_type=\"container\">\n\t\t\t\t\t<div class=\"e-con-inner\">\n\t\t\t\t<div class=\"elementor-element elementor-element-10fcdfc2 elementor-widget elementor-widget-text-editor\" data-id=\"10fcdfc2\" data-element_type=\"widget\" data-widget_type=\"text-editor.default\">\n\t\t\t\t\t\t\t\t\t<p><\/p>\n<p class=\"has-luminous-vivid-orange-color has-text-color has-link-color has-large-font-size wp-elements-50d365672327c5ed02c47e5a799a5ded\">Ignition Prod &#8211; Nos prestations<\/p>\n<p><\/p>\n<p><\/p>\n<p class=\"has-link-color has-large-font-size wp-elements-462247892c2a8142d5dfbc791e799dd0\">\n<\/p><p><\/p>\t\t\t\t\t\t\t\t<\/div>\n\t\t\t\t<div class=\"elementor-element elementor-element-6fc4e0a elementor-widget elementor-widget-heading\" data-id=\"6fc4e0a\" data-element_type=\"widget\" data-widget_type=\"heading.default\">\n\t\t\t\t\t<h2 class=\"elementor-heading-title elementor-size-default\">Cr\u00e9er, filmer, transmettre<\/h2>\t\t\t\t<\/div>\n\t\t\t\t<div class=\"elementor-element elementor-element-04c86f4 elementor-widget elementor-widget-heading\" data-id=\"04c86f4\" data-element_type=\"widget\" data-widget_type=\"heading.default\">\n\t\t\t\t\t<h2 class=\"elementor-heading-title elementor-size-default\">Ecriture, r\u00e9alisation de films documentaires, clips musicaux, films institutionnels, films d'entreprise, de communication interne<\/h2>\t\t\t\t<\/div>\n\t\t\t\t<div class=\"elementor-element elementor-element-cf2f651 elementor-widget elementor-widget-heading\" data-id=\"cf2f651\" data-element_type=\"widget\" data-widget_type=\"heading.default\">\n\t\t\t\t\t<h2 class=\"elementor-heading-title elementor-size-default\">Tournage, montage vid\u00e9o, \u00e9talonnage, mastering PAD<\/h2>\t\t\t\t<\/div>\n\t\t\t\t\t<\/div>\n\t\t\t\t<\/div>\n\t\t<div class=\"elementor-element elementor-element-a412a60 e-con-full e-flex e-con e-parent\" data-id=\"a412a60\" data-element_type=\"container\">\n\t\t\t\t<\/div>\n\t\t<div class=\"elementor-element elementor-element-d1da86f e-flex e-con-boxed e-con e-parent\" data-id=\"d1da86f\" data-element_type=\"container\">\n\t\t\t\t\t<div class=\"e-con-inner\">\n\t\t\t\t<div class=\"elementor-element elementor-element-bc009a1 elementor-widget elementor-widget-heading\" data-id=\"bc009a1\" data-element_type=\"widget\" data-widget_type=\"heading.default\">\n\t\t\t\t\t<h2 class=\"elementor-heading-title elementor-size-default\">Formation cin\u00e9ma et audiovisuelle, \u00e9ducation \u00e0 l'image, formation \u00e0 l'expression et \u00e0 la communication face \u00e0 une cam\u00e9ra, apprendre \u00e0 g\u00e9rer la prise de parole en interview<\/h2>\t\t\t\t<\/div>\n\t\t\t\t\t<\/div>\n\t\t\t\t<\/div>\n\t\t\t\t<\/div>\n\t\t","protected":false},"excerpt":{"rendered":"<p>Ignition Prod &#8211; Nos prestations Cr\u00e9er, filmer, transmettre Ecriture, r\u00e9alisation de films documentaires, clips musicaux, films institutionnels, films d&rsquo;entreprise, de communication interne Tournage, montage vid\u00e9o, \u00e9talonnage, mastering PAD Formation cin\u00e9ma et audiovisuelle, \u00e9ducation \u00e0 l&rsquo;image, formation \u00e0 l&rsquo;expression et \u00e0 la communication face \u00e0 une cam\u00e9ra, apprendre \u00e0 g\u00e9rer la prise de parole en interview<\/p>\n","protected":false},"author":1,"featured_media":0,"parent":0,"menu_order":0,"comment_status":"closed","ping_status":"closed","template":"","meta":{"_acf_changed":false,"saved_in_kubio":false,"footnotes":""},"class_list":["post-20","page","type-page","status-publish","hentry"],"acf":[],"kubio_ai_page_context":{"short_desc":"","purpose":"general"},"yoast_head":"<!-- This site is optimized with the Yoast SEO plugin v26.1 - https:\/\/yoast.com\/wordpress\/plugins\/seo\/ -->\n<title>Nos prestations -<\/title>\n<meta name=\"robots\" content=\"index, follow, max-snippet:-1, max-image-preview:large, max-video-preview:-1\" \/>\n<link rel=\"canonical\" href=\"https:\/\/ignitionprod.fr\/?page_id=20\" \/>\n<meta property=\"og:locale\" content=\"fr_FR\" \/>\n<meta property=\"og:type\" content=\"article\" \/>\n<meta property=\"og:title\" content=\"Nos prestations -\" \/>\n<meta property=\"og:description\" content=\"Ignition Prod &#8211; Nos prestations Cr\u00e9er, filmer, transmettre Ecriture, r\u00e9alisation de films documentaires, clips musicaux, films institutionnels, films d&rsquo;entreprise, de communication interne Tournage, montage vid\u00e9o, \u00e9talonnage, mastering PAD Formation cin\u00e9ma et audiovisuelle, \u00e9ducation \u00e0 l&rsquo;image, formation \u00e0 l&rsquo;expression et \u00e0 la communication face \u00e0 une cam\u00e9ra, apprendre \u00e0 g\u00e9rer la prise de parole en interview\" \/>\n<meta property=\"og:url\" content=\"https:\/\/ignitionprod.fr\/?page_id=20\" \/>\n<meta property=\"article:publisher\" content=\"https:\/\/www.instagram.com\/ignitionprod\/\" \/>\n<meta property=\"article:modified_time\" content=\"2025-10-05T21:38:10+00:00\" \/>\n<meta name=\"twitter:card\" content=\"summary_large_image\" \/>\n<script type=\"application\/ld+json\" class=\"yoast-schema-graph\">{\"@context\":\"https:\/\/schema.org\",\"@graph\":[{\"@type\":\"WebPage\",\"@id\":\"https:\/\/ignitionprod.fr\/?page_id=20\",\"url\":\"https:\/\/ignitionprod.fr\/?page_id=20\",\"name\":\"Nos prestations -\",\"isPartOf\":{\"@id\":\"https:\/\/ignitionprod.fr\/#website\"},\"datePublished\":\"2025-09-29T10:19:12+00:00\",\"dateModified\":\"2025-10-05T21:38:10+00:00\",\"breadcrumb\":{\"@id\":\"https:\/\/ignitionprod.fr\/?page_id=20#breadcrumb\"},\"inLanguage\":\"fr-FR\",\"potentialAction\":[{\"@type\":\"ReadAction\",\"target\":[\"https:\/\/ignitionprod.fr\/?page_id=20\"]}]},{\"@type\":\"BreadcrumbList\",\"@id\":\"https:\/\/ignitionprod.fr\/?page_id=20#breadcrumb\",\"itemListElement\":[{\"@type\":\"ListItem\",\"position\":1,\"name\":\"Accueil\",\"item\":\"https:\/\/ignitionprod.fr\/\"},{\"@type\":\"ListItem\",\"position\":2,\"name\":\"Nos prestations\"}]},{\"@type\":\"WebSite\",\"@id\":\"https:\/\/ignitionprod.fr\/#website\",\"url\":\"https:\/\/ignitionprod.fr\/\",\"name\":\"Ignition Prod\",\"description\":\"\",\"publisher\":{\"@id\":\"https:\/\/ignitionprod.fr\/#organization\"},\"potentialAction\":[{\"@type\":\"SearchAction\",\"target\":{\"@type\":\"EntryPoint\",\"urlTemplate\":\"https:\/\/ignitionprod.fr\/?s={search_term_string}\"},\"query-input\":{\"@type\":\"PropertyValueSpecification\",\"valueRequired\":true,\"valueName\":\"search_term_string\"}}],\"inLanguage\":\"fr-FR\"},{\"@type\":\"Organization\",\"@id\":\"https:\/\/ignitionprod.fr\/#organization\",\"name\":\"Ignition Prod\",\"url\":\"https:\/\/ignitionprod.fr\/\",\"logo\":{\"@type\":\"ImageObject\",\"inLanguage\":\"fr-FR\",\"@id\":\"https:\/\/ignitionprod.fr\/#\/schema\/logo\/image\/\",\"url\":\"https:\/\/ignitionprod.fr\/wp-content\/uploads\/2025\/09\/cropped-Logo-moderne-dIgnition-Prod.png\",\"contentUrl\":\"https:\/\/ignitionprod.fr\/wp-content\/uploads\/2025\/09\/cropped-Logo-moderne-dIgnition-Prod.png\",\"width\":616,\"height\":250,\"caption\":\"Ignition Prod\"},\"image\":{\"@id\":\"https:\/\/ignitionprod.fr\/#\/schema\/logo\/image\/\"},\"sameAs\":[\"https:\/\/www.instagram.com\/ignitionprod\/\",\"https:\/\/www.linkedin.com\/company\/ignition-prod\/\"]}]}<\/script>\n<!-- \/ Yoast SEO plugin. -->","yoast_head_json":{"title":"Nos prestations -","robots":{"index":"index","follow":"follow","max-snippet":"max-snippet:-1","max-image-preview":"max-image-preview:large","max-video-preview":"max-video-preview:-1"},"canonical":"https:\/\/ignitionprod.fr\/?page_id=20","og_locale":"fr_FR","og_type":"article","og_title":"Nos prestations -","og_description":"Ignition Prod &#8211; Nos prestations Cr\u00e9er, filmer, transmettre Ecriture, r\u00e9alisation de films documentaires, clips musicaux, films institutionnels, films d&rsquo;entreprise, de communication interne Tournage, montage vid\u00e9o, \u00e9talonnage, mastering PAD Formation cin\u00e9ma et audiovisuelle, \u00e9ducation \u00e0 l&rsquo;image, formation \u00e0 l&rsquo;expression et \u00e0 la communication face \u00e0 une cam\u00e9ra, apprendre \u00e0 g\u00e9rer la prise de parole en interview","og_url":"https:\/\/ignitionprod.fr\/?page_id=20","article_publisher":"https:\/\/www.instagram.com\/ignitionprod\/","article_modified_time":"2025-10-05T21:38:10+00:00","twitter_card":"summary_large_image","schema":{"@context":"https:\/\/schema.org","@graph":[{"@type":"WebPage","@id":"https:\/\/ignitionprod.fr\/?page_id=20","url":"https:\/\/ignitionprod.fr\/?page_id=20","name":"Nos prestations -","isPartOf":{"@id":"https:\/\/ignitionprod.fr\/#website"},"datePublished":"2025-09-29T10:19:12+00:00","dateModified":"2025-10-05T21:38:10+00:00","breadcrumb":{"@id":"https:\/\/ignitionprod.fr\/?page_id=20#breadcrumb"},"inLanguage":"fr-FR","potentialAction":[{"@type":"ReadAction","target":["https:\/\/ignitionprod.fr\/?page_id=20"]}]},{"@type":"BreadcrumbList","@id":"https:\/\/ignitionprod.fr\/?page_id=20#breadcrumb","itemListElement":[{"@type":"ListItem","position":1,"name":"Accueil","item":"https:\/\/ignitionprod.fr\/"},{"@type":"ListItem","position":2,"name":"Nos prestations"}]},{"@type":"WebSite","@id":"https:\/\/ignitionprod.fr\/#website","url":"https:\/\/ignitionprod.fr\/","name":"Ignition Prod","description":"","publisher":{"@id":"https:\/\/ignitionprod.fr\/#organization"},"potentialAction":[{"@type":"SearchAction","target":{"@type":"EntryPoint","urlTemplate":"https:\/\/ignitionprod.fr\/?s={search_term_string}"},"query-input":{"@type":"PropertyValueSpecification","valueRequired":true,"valueName":"search_term_string"}}],"inLanguage":"fr-FR"},{"@type":"Organization","@id":"https:\/\/ignitionprod.fr\/#organization","name":"Ignition Prod","url":"https:\/\/ignitionprod.fr\/","logo":{"@type":"ImageObject","inLanguage":"fr-FR","@id":"https:\/\/ignitionprod.fr\/#\/schema\/logo\/image\/","url":"https:\/\/ignitionprod.fr\/wp-content\/uploads\/2025\/09\/cropped-Logo-moderne-dIgnition-Prod.png","contentUrl":"https:\/\/ignitionprod.fr\/wp-content\/uploads\/2025\/09\/cropped-Logo-moderne-dIgnition-Prod.png","width":616,"height":250,"caption":"Ignition Prod"},"image":{"@id":"https:\/\/ignitionprod.fr\/#\/schema\/logo\/image\/"},"sameAs":["https:\/\/www.instagram.com\/ignitionprod\/","https:\/\/www.linkedin.com\/company\/ignition-prod\/"]}]}},"_links":{"self":[{"href":"https:\/\/ignitionprod.fr\/index.php?rest_route=\/wp\/v2\/pages\/20","targetHints":{"allow":["GET"]}}],"collection":[{"href":"https:\/\/ignitionprod.fr\/index.php?rest_route=\/wp\/v2\/pages"}],"about":[{"href":"https:\/\/ignitionprod.fr\/index.php?rest_route=\/wp\/v2\/types\/page"}],"author":[{"embeddable":true,"href":"https:\/\/ignitionprod.fr\/index.php?rest_route=\/wp\/v2\/users\/1"}],"replies":[{"embeddable":true,"href":"https:\/\/ignitionprod.fr\/index.php?rest_route=%2Fwp%2Fv2%2Fcomments&post=20"}],"version-history":[{"count":14,"href":"https:\/\/ignitionprod.fr\/index.php?rest_route=\/wp\/v2\/pages\/20\/revisions"}],"predecessor-version":[{"id":352,"href":"https:\/\/ignitionprod.fr\/index.php?rest_route=\/wp\/v2\/pages\/20\/revisions\/352"}],"wp:attachment":[{"href":"https:\/\/ignitionprod.fr\/index.php?rest_route=%2Fwp%2Fv2%2Fmedia&parent=20"}],"curies":[{"name":"wp","href":"https:\/\/api.w.org\/{rel}","templated":true}]}}